e 6 + c = -2*v. Calculate n(v).
-6
Let l(k) be the third derivative of 0 + 7/6*k**3 - 4*k**2 + 0*k + 1/24*k**4. Calculate l(0).
7
Suppose 4*b + 0 = 8. Suppose -3 = -b*d - 1. Let g(y) = y - 4 + 4 - d. Calculate g(5).
4
Let c(u) = 3*u + 11. Let a(v) = -4*v - 12. Let n(m) = 5*a(m) + 6*c(m). Let b = -16 - 13. Let z = 33 + b. Give n(z).
-2
Let i(n) = -24*n - 7 + 0 + 63*n - 23*n - 17*n - 6*n**2 - n**3. Suppose -18 = -3*h + 4*b, -2*b = -5*h - 0 + 16. Suppose -5*o = h + 28. Give i(o).
-1
Let z(p) be the third derivative of p**4/12 + 5*p**3/3 - 8*p**2 + 12. Calculate z(-5).
0
Let c(r) = r + 6. Suppose 5*v - 29 = -9. Let p(h) = -h - 8. Let x(s) = v*c(s) + 3*p(s). Calculate x(-1).
-1
Let l(j) = -j**3 + 3*j**2 + 4*j + 2. Let z be (-8)/16*24/(-2). Let q be 4/7 - (z - 528/56). Calculate l(q).
2
Let l(t) = 4 + 14*t**2 - t**3 - t**2 + 0*t**2 - 8*t**2 + 0*t**2 + 4*t. Let h(p) = -p**2 - 7*p + 6. Let a = 4 - 11. Let o be h(a). Calculate l(o).
-8
Let m = -72 + 50. Let i = -28 - m. Let z(o) be the first derivative of o**3/3 + 7*o**2/2 + o + 21. Determine z(i).
-5
Let r(k) be the first derivative of -k**3/3 + k**2 - 4*k + 240. What is r(2)?
-4
Let f(w) = -2*w - 6. Suppose -49*x = -47*x - 6. Suppose 2*u + 11 = -x*q, 5*q + u = -2*u - 19. Determine f(q).
4
Let a(t) = -3*t - 9. Let r(w) = w**2 - 15*w + 14. Suppose 4*x + 5*j - 62 = 0, -5*x + 46 = 3*j - 25. Let m be r(x). Let z be (6/4 + -1)*m. Determine a(z).
9
Let q(f) = -13*f**2 + 8*f + 5. Let r(g) be the third derivative of -7*g**5/60 + g**4/6 + g**3/2 + 2*g**2 + 17*g. Let p(o) = -6*q(o) + 11*r(o). Determine p(2).
-1
Let r(z) = 252 + 2*z + 2*z - 117 - 127. Let i = 5 + -8. Let q be r(i). Let o(y) = y**3 + 5*y**2 + 5*y - 2. What is o(q)?
-6
Let h(a) = -a**2 - a + 1. Let r(m) = -4*m**2 - 13*m + 9. Let v(p) = -5*h(p) + r(p). What is v(5)?
-11
Let s be (-2)/(-3)*30/4. Let j(d) = -7 + d**2 - d - 7*d + 4*d. Let x be j(s). Let g(f) = -2*f**3 + 2*f. Calculate g(x).
12
Let f(s) = -2*s**2 + 2. Let j(a) = -7*a**2 - 41*a + 3. Let g be j(-6). What is f(g)?
-16
Let n be (-1)/(8/18) + 189/(-252). Let c(s) = -2*s. Give c(n).
6
Let g(y) = 2*y + 7. Let m(q) = q - 1. Let l(p) = 4*g(p) - 4*m(p). Let h be l(-6). Let b(j) = 2 - 2*j + 3*j - 11. What is b(h)?
-1
Suppose -4*v + 246 = 5*r - 6*v, -r + 44 = -3*v. Let m = -57 + r. Let s(l) = -l - 11. What is s(m)?
-4
Let m(f) = 1 + 12*f - 4*f - 9*f. Let s(j) = -2*j + 2. Let b(o) = -3*m(o) + 2*s(o). Suppose -6*v = 149 - 173. What is b(v)?
-3
Let y(b) = -3*b**2 - 11*b - 4. Let z(p) = 2*p**2 + 11*p + 3. Let i(r) = -5*y(r) - 6*z(r). Let h(n) = 7*n**2 - 23*n + 3. Let l(v) = 2*h(v) - 5*i(v). Give l(6).
14
Let x(n) = n**2 - 2. Suppose 3*v = -4*v + 539. Let l = v - 80. Give x(l).
7
Let n(i) be the first derivative of i**4/4 - i**3/3 - 3*i**2/2 + 3*i + 294. What is n(2)?
1
Let n(v) = -13*v - 61. Let w(q) = -21*q - 122. Let g(u) = 5*n(u) - 3*w(u). Calculate g(26).
9
Let m be 9/4*(-72)/27. Let c be (m - 3)*(-3)/9. Let t(b) = -b**2 - b + 2. Give t(c).
-10
Let n = -30 - -32. Let s(a) = -1 + a**2 - 3*a + 2*a**n - 2*a - 4*a**2. Calculate s(-6).
-7
Let n(y) = y**3 - y**2 - 2*y. Let u be n(2). Let s(a) = 5 - 5 + u + a. Let g(m) = m**2 - m. Let b be g(2). Determine s(b).
2
Let x(j) = -j + 15. Let l = -559 + 565. Give x(l).
9
Let w(k) = -k**2 - 6*k - 2. Let d be w(-6). Suppose 0 = -n - 3*n + 8. Let m(s) = -2*s**3 - 8*s**2 - s**2 + 7*s**n + 1. What is m(d)?
9
Let x(i) = i**2 - 3*i - 1. Let h = 4 + 1. Suppose 77 = -h*l + 17. Let r be l/(-54) + 20/(-9). What is x(r)?
9
Let w(m) = m**2 + 5*m + 4. Let l = 12 - 17. Let d be w(l). Let j(x) be the first derivative of -x**4/4 + 4*x**3/3 - x**2 + 3*x + 3. Calculate j(d).
-5
Let a(i) = i**3 + 10*i**2 + 2474*i + 15 + 0*i**3 - 1228*i - 1236*i. Calculate a(-9).
6
Let k(s) = -s**3 - 2*s**2 - 2*s - 1. Let i = 236 - 239. What is k(i)?
14
Suppose -136 = 12*p + 92. Let w(k) = -k - 25. Determine w(p).
-6
Let c(p) be the third derivative of p**4/24 + 5*p**3/6 - 112*p**2. Determine c(0).
5
Let l(t) = -41*t**3 - 8*t + 8*t - 31 + 30. Calculate l(-1).
40
Let v(l) = -14*l + 89. Let p be v(7). Let c(b) = -b**3 - 10*b**2 - 6*b + 20. Calculate c(p).
-7
Let w(l) = -l**2. Let v(f) = -f**3 + 9*f**2 + 13. Let o(k) = v(k) - 2*w(k). Calculate o(11).
13
Suppose -4*i - 13 = 3*v, 5*v - 5*i = -6*i - 16. Let s(m) = 4*m + 4. Determine s(v).
-8
Let y(f) = 9*f**3 + 2*f**2 - 2*f + 1. Let x(u) = 3*u + 2*u - 13 + u - 5*u. Let z be x(12). Let g be -2*(z - 4/(-8)). Determine y(g).
10
Let k(d) = d + 0 - 3 - 3 + 12. Let a(g) = g**3 + 5*g**2 + 5*g - 4. Let x be a(-4). Calculate k(x).
-2
Suppose 11*c = 4*c. Suppose c*x - 2*x - 10 = 0. Let q(f) = -2*f - 3. Give q(x).
7
Let v be 0*4/(-8) - -2. Let a be v + 1*(-1 + 2). Let x(n) = n**2 + 4*n + 2*n + 2 - 8*n. Give x(a).
5
Let y be (12/9)/(3/(-54)). Let s be (-28)/(-3)*y/(-16). Let c(v) = -s*v + 6*v + 2 + 7*v. What is c(3)?
-1
Let a(b) = -b**2 + 5*b + 10. Let f be a(6). Let s(m) = 5*m**3 + 5*m**2 - 4. Let v(l) = 5*l**3 + 4*l**2 - 3. Let h(y) = f*v(y) - 3*s(y). Give h(-1).
-4
Let f(l) = 0 - 4 + 3 - 4 - 161*l + 147*l - 2*l**2. Determine f(-9).
-41
Let z(m) = -2*m**2 + 2*m - 1. Let j be 2 + 0 + -7 + 3. What is z(j)?
-13
Let f(n) = -4*n - 6. Let g(c) = 0*c + 0 + c - 2*c - 1. Let l(i) = -f(i) + g(i). Suppose -5*j = 4*a + 16, -a - 10 = 3*j + a. Give l(j).
-7
Let b(p) = 5*p**2 - 7*p + 4. Let u be (-115)/92 - (-39)/12. Determine b(u).
10
Let w(t) = 20*t + 9. Let m(c) = -11*c - 5. Let d(y) = -5*m(y) - 3*w(y). Calculate d(-6).
28
Let t(v) = 36*v**3 + v**2 - 3 + 16*v**3 - 53*v**3. Calculate t(2).
-7
Let g = -5 - -8. Let h be g/6 - (-4)/8. Let j(s) = -97*s**2 + 97*s**2 + s**3 - 1. What is j(h)?
0
Let l = 195 - 192. Let y(f) = -f. Let u(o) = -3*o - 4. Let c(t) = u(t) - 6*y(t). Determine c(l).
5
Let s(n) be the third derivative of 5*n**4/24 - n**3/3 - 46*n**2. Let g be s(1). Let y(x) be the second derivative of x**4/12 - x**3/3 - 2*x**2 + x. Give y(g).
-1
Let d be 9/3 - (11 - 4 - 0). Let g(l) = 7*l**3 - 7*l**2 - 23*l + 17. Let x(t) = 3*t**3 - 4*t**2 - 11*t + 8. Let b(c) = d*g(c) + 9*x(c). Determine b(-7).
4
Let t(k) be the third derivative of 2*k**2 - 5/24*k**4 + 0*k + 0 + 1/6*k**3. Suppose 0 = -3*x - 2 - 1. Calculate t(x).
6
Let m(y) be the second derivative of y**4/12 - 2*y. Let f be (-11 - (-3 - 1)) + (17 - 10). What is m(f)?
0
Let o(p) be the first derivative of -p**4/4 + 2*p**3 - 7*p**2/2 + 7*p + 2. Suppose 0 = -55*c + 17*c + 190. Calculate o(c).
-3
Let j be 38/14 + (-1)/((-7)/2). Suppose d - j = 1. Let p(g) = -g + 4. Give p(d).
0
Let u(r) = 3*r - 44. Let i = -948 - -962. Calculate u(i).
-2
Suppose -14 = -5*f - 3*l, 0 = 4*f + f - 3*l - 26. Suppose -3*z + u + 4 = 0, 0 = 2*z - 5*u + 7 - 1. Let p(o) = 21*o**2 - z*o - 20*o**2 - o - 4. Determine p(f).
0
Let z(t) be the first derivative of -t**2/2 - t - 87. Calculate z(4).
-5
Let a(w) = -4*w**3 - 4*w**2 - w - 12. Let h(g) = -3*g**3 - 4*g**2 - 2*g - 10. Let z(u) = -4*a(u) + 5*h(u). Determine z(5).
-7
Let g(y) be the first derivative of y**3/3 + y**2/2 - 5*y + 173. Calculate g(3).
7
Let i = -71 - -74. Let n(u) = 3*u**2 - 5*u + 2. Calculate n(i).
14
Suppose 0*f = -6*f + 72. Let x be (-26)/f - -2 - 22/12. Let o(n) = -7*n - 2. What is o(x)?
12
Let z = -3 + 2. Let b be (-1 - -7)/(0 + z). Let f(r) be the first derivative of r**2 + 8*r - 34574. What is f(b)?
-4
Let j(l) = -l**2 + 6*l + 10. Let p be j(8). Let x(t) = t + 6. Let g(h) = -h - 4. Let m(d) = p*g(d) - 5*x(d). Calculate m(6).
0
Let b be 19/5 + (-3)/(-15). Suppose 2*h + b*n = -11 + 35, -8 = 2*h - 4*n. Let k(c) = -c + 3 - 2*c + 3. Calculate k(h).
-6
Let h(m) be the third derivative of m**5/60 + 5*m**4/24 + m**3/3 + 3*m**2 + 30*m. Let b(f) = -7*f + 1. Let u be b(1). What is h(u)?
8
Suppose 3*w = -4*w + 224. Let r = 4 + 8. Suppose -5*j + t = 4*t - w, 5*j - 2*t - r = 0. Let l(s) = s**3 - 2*s**2 - 3*s - 3. Calculate l(j).
17
Let d(p) = p**3 - 13*p**2 + 9*p + 30. Let x be d(12). Let n(f) = f**3 + 6*f**2 + 3. Calculate n(x).
3
Let u(z) = -16*z - 101. Let r be u(-6). Let f(o) = -o**3 - 6*o**2 - 4*o + 2. What is f(r)?
-3
Let q(s) = -s + 7. Let b(p) = -1. Suppose -19*a + 15*a + 8 = 0. Let o(g) = a*q(g) + 10*b(g). Determine o(-5).
14
Let m(h) = 2*h + 6. Let j be m(-6). Let s(g) be the second derivative of -1/12*g**4 - 12*g + 0 - 7/6*g**3 - 9/2*g**2. Give s(j).
-3
Let l(a) = -2*a + 0 + 3*a + 1 